 of o and 40.
20
Suppose -3*y + 10 = -2. Suppose -15*t - 52 = -y*l - 11*t, 21 = l - 3*t. What is the highest common factor of l and 117?
9
Let r = 106 + -70. Let v(b) = 38*b + 150. Let s be v(-3). Calculate the greatest common divisor of r and s.
36
Let k(c) = c**2 + c + 102. Let n be k(0). Suppose -d + n = 3*f, 4*f = -d + 46 + 54. Suppose 4*z - 6*z + d = 0. Calculate the greatest common factor of 6 and z.
6
Let y(f) be the third derivative of -f**4/12 + f**3/3 + 5*f**2. Let z be y(-1). Let h = 172 - 140. What is the greatest common factor of h and z?
4
Suppose 4*j = -2*j. Suppose j = l + 5*a + 2 + 16, 3*a + 16 = 2*l. Let d(u) = u**2 + 6*u + 3. Let v be d(-6). Calculate the greatest common divisor of v and l.
1
Suppose 0 = 2*t + t + 4*f - 74, 2*f - 10 = 0. Let l = 8 - 8. Let v(d) = -d**3 + d + 90. Let q be v(l). Calculate the greatest common factor of t and q.
18
Suppose 3*x = 2 + 4. Let r(l) = -3*l - 26. Let y be r(-10). Let t be y + -3*2/3. What is the highest common factor of x and t?
2
Let s(a) = a**3 + 10*a**2 - 13*a - 19. Let d be s(-11). Let l = 35 + -69. Let m = l - -55. Calculate the greatest common factor of d and m.
3
Let s(o) = 24*o**2 - 5*o + 1. Let h = -8 + 4. Let n be s(h). Calculate the greatest common divisor of 45 and n.
45
Suppose 13*f - 14*f - 7 = 0. Let b(i) = -14*i + 1. Let p be b(f). What is the greatest common factor of 33 and p?
33
Let d be 20/370 - 38655/(-185). What is the greatest common divisor of d and 22?
11
Let a = 50 + -41. Calculate the greatest common factor of 4 and a.
1
Let f(z) = -z**2 - 13*z - 6. Let c be f(-10). Let w = 7 + c. Let b = 58 - w. Calculate the highest common divisor of b and 3.
3
Let r(s) = 2885*s - 13 - 31 - 2889*s. Let y be r(-13). Calculate the highest common factor of y and 72.
8
Suppose 4*i = -0*i + 20. Let w = -156 + 317. Suppose 39 + w = 8*u. What is the highest common factor of i and u?
5
Let r(d) = -d + 5. Let v be r(2). Suppose -2*h - 84 = -v*h. Calculate the greatest common divisor of h and 12.
12
Let k = 24 + -20. Let j be (-13)/(39/(-1020)) + k. What is the highest common factor of j and 43?
43
Suppose 13*g - 8*g = 65. Let y(u) = 51*u - 5. Let v be y(2). Suppose v = 5*r - 98. Calculate the greatest common divisor of r and g.
13
Let k = -1208 + 1260. What is the greatest common divisor of 442 and k?
26
Let j(r) be the first derivative of r**3/3 + 7*r**2 + 4*r - 28. Let y be j(-17). Calculate the highest common divisor of y and 33.
11
Let k = 12 - 13. Let u be 5 - ((-1 - k) + -40). What is the highest common factor of 15 and u?
15
Suppose -3*s = -4*s + 24. Suppose 2*q + s = -q. Let l(c) = 2*c**2 + 6*c - 10. Let g be l(q). Calculate the greatest common factor of 28 and g.
14
Suppose -7*x + 9*x = 10, -2*x - 20 = -5*i. Calculate the greatest common divisor of i and 150.
6
Let d(y) be the first derivative of -6*y**2 + 8*y + 3*y**2 + 0*y**2 + 2. Let p be d(-3). What is the greatest common factor of p and 182?
26
Let l(t) = t**3 + 6*t**2 - 26*t - 26. Let s be l(-8). What is the highest common divisor of s and 243?
27
Let h(s) = -s**3 + 6*s**2 - 6*s - 1. Let m be h(5). Let w = m + 13. Let f be (11*14/308)/((-1)/(-2)). What is the highest common factor of w and f?
1
Let w = -7 + 13. Suppose -136 = -10*x - 7*x. Calculate the greatest common factor of x and w.
2
Let y = 514 - 59. Suppose -5*v + y = 2*v. Calculate the highest common divisor of v and 13.
13
Suppose 4*f - 26 + 74 = 0. Let b(l) = -l - 8. Let k be b(f). Suppose k*d = 47 + 193. Calculate the highest common divisor of d and 12.
12
Suppose -16 + 15 = -t. Let u = 13 - 6. Let a = u - 1. Calculate the greatest common divisor of a and t.
1
Let u(d) = d**3 + 15*d**2 + 14*d + 33. Let x be u(-4). What is the greatest common divisor of x and 34?
17
Suppose 51*h = 1951 - 115. What is the highest common factor of h and 1548?
36
Let q be ((-360)/75)/(-6)*(-135)/(-2). Calculate the greatest common divisor of q and 48.
6
Let w(f) = -34*f - 35. Let t be w(-3). What is the greatest common factor of 201 and t?
67
Suppose 3*m - 3*x = -6, 5*x - 31 = -m - m. Let a be -19 - m/6*-2. Let s be (18/(-12))/(1/a). What is the greatest common divisor of 3 and s?
3
Let o = -32 - -46. Let g be 3*(-3 - (-16)/3). Calculate the greatest common divisor of o and g.
7
Let h be (-15)/35 - (-16255)/35. Calculate the greatest common divisor of 16 and h.
16
Let b = 29 + 99. Calculate the highest common factor of b and 8.
8
Let o be -1 - (516/(-3))/2. Let w(g) = 3*g + 4. Let a be w(10). What is the highest common divisor of a and o?
17
Let w(s) = -6*s + 32. Let t be w(4). Suppose 0 = 8*g - 32 - t. What is the greatest common factor of g and 10?
5
Let x be ((-3136)/35)/(-8) - 1/5. Calculate the greatest common divisor of x and 220.
11
Let o(v) = v**3 - 6*v**2 + 4*v + 5. Let g be o(5). Suppose g = 6*q - 3*q - 48. Calculate the highest common factor of 32 and q.
16
Let q = 5 + -4. Let z be (-11)/((3 - 4)/q). Let w(a) = a**2 + 6*a + 5. Let o be w(6). What is the greatest common factor of o and z?
11
Suppose 36*t - 32*t - 4*j = 8960, -t = -4*j - 2234. Calculate the greatest common divisor of t and 38.
38
Let j = -7 + 9. Let c be -4*2/(-4)*j. Suppose -c*t + t + 54 = 0. What is the greatest common divisor of 162 and t?
18
Let y = -672 - -714. Calculate the highest common factor of y and 63.
21
Suppose 17*c + 4752 = 33*c. Calculate the highest common factor of 11 and c.
11
Let q(i) = -2*i**2 + 56*i + 59. Let f be q(29). Calculate the highest common factor of f and 137.
1
Let n = -3542 + 3557. Suppose 91 = -5*d - 89. Let a = d + 51. Calculate the highest common factor of a and n.
15
Let l(i) = -i**2 + 2*i + 4. Let r be l(-1). Let a be r*(0 - 2)*33/(-2). Calculate the greatest common divisor of a and 11.
11
Suppose 2*q + 2*q + 5 = -m, 3*q = -m - 4. Let w = 1 - m. Let a be 1 + (w - 6) - -9. Calculate the highest common divisor of 3 and a.
3
Suppose 66*a - 33103 - 24647 = 0. What is the highest common divisor of 7 and a?
7
Suppose 4*l - q = 1100, -568 = -0*l - 2*l - 4*q. What is the highest common factor of 60 and l?
12
Let w(m) = m**2 + 2*m - 3. Suppose 0 = -l - 3, q - 9 = 4*l + 8. Let b be w(q). Let x = -5 + 13. Calculate the greatest common factor of x and b.
8
Let x = 21 + 48. Suppose -4*i = -x - 39. Suppose -4*u + 6*u - 46 = -4*r, 11 = 4*r - 5*u. Calculate the greatest common factor of i and r.
9
Suppose -22*s + 3*s = 1197. Let q be ((12/(-14))/3)/(9/s). What is the highest common divisor of q and 10?
2
Let x = 24 + 120. Calculate the greatest common factor of 18 and x.
18
Suppose -3*o - 19 = -0*o - 5*l, 2*o = -2*l + 14. Let f(v) = -3*v**2 + 17*v + 31. Let y be f(7). Calculate the greatest common divisor of o and y.
1
Let o = -39 - -31. Let n = o - -16. Calculate the highest common divisor of n and 40.
8
Suppose -86*c - 574 + 3412 = 0. What is the highest common factor of 363 and c?
33
Let z = 1 - -1. Let t(b) = -5*b**2 + 3*b. Let l be t(2). Let m = l + 24. What is the highest common factor of m and z?
2
Suppose -59*k + 33 = -56*k. Calculate the highest common divisor of 913 and k.
11
Suppose -2*w - 3 = -w, 4*t - w - 3 = 0. Suppose t = i - 9 - 47. What is the greatest common factor of i and 7?
7
Let r be (-8)/40 + (-602)/(-10). Suppose 11*d + r = 13*d. What is the greatest common factor of 270 and d?
30
Suppose -n + 44 = 22. What is the highest common divisor of n and 539?
11
Let g(o) = -o**3 + 6*o**2 + 11*o - 5. Suppose 6*b + 19 = 61. Let j be g(b). Let a = -5 + j. Calculate the greatest common divisor of a and 12.
6
Suppose -5*c - 2*h + 289 = 0, -4*c - 4*h + 3*h + 230 = 0. What is the greatest common divisor of 19 and c?
19
Suppose 0 = 24*w - 4*w - 1140. Calculate the highest common divisor of w and 38.
19
Let u(n) = -103*n - 909. Let t be u(-9). What is the greatest common divisor of 1404 and t?
18
Let n be 130*(1 - 17/(-5)). Calculate the highest common divisor of n and 22.
22
Suppose 24 = -13*p + 19*p. Suppose -7 = -b + c, 2*b - c - 17 = p*c. Calculate the greatest common factor of 114 and b.
6
Let u(c) = 95*c**2 + 16 + 99*c**2 - 193*c**2 - 8*c. Let h be u(8). What is the greatest common factor of h and 72?
8
Let s be (-4 - -1)*1*(1 + -14). Let c(p) = p**2 + 3*p - 5. Let v be c(-6). What is the greatest common factor of v and s?
13
Suppose 0 = c + 4*j - 95, -3*c + 406